{"id":35,"date":"2019-07-31T11:09:29","date_gmt":"2019-07-31T11:09:29","guid":{"rendered":"http:\/\/hemueller.com\/?page_id=35"},"modified":"2025-10-04T17:14:56","modified_gmt":"2025-10-04T17:14:56","slug":"aktuelles","status":"publish","type":"page","link":"https:\/\/hemueller.de\/?page_id=35","title":{"rendered":"Aktuelles"},"content":{"rendered":"\n<p><strong>Unternehmensf\u00fchrung 2025: 5 Auflagen in 15 Jahren <\/strong><\/p>\n\n\n<div class=\"wp-block-image\">\n<figure class=\"aligncenter size-large is-resized\"><img loading=\"lazy\" decoding=\"async\" width=\"725\" height=\"1024\" src=\"http:\/\/hemueller.de\/wp-content\/uploads\/2025\/07\/mark_cov_9783111453637-1-725x1024.jpeg\" alt=\"\" class=\"wp-image-596\" style=\"width:246px;height:auto\" srcset=\"https:\/\/hemueller.de\/wp-content\/uploads\/2025\/07\/mark_cov_9783111453637-1-725x1024.jpeg 725w, https:\/\/hemueller.de\/wp-content\/uploads\/2025\/07\/mark_cov_9783111453637-1-212x300.jpeg 212w, https:\/\/hemueller.de\/wp-content\/uploads\/2025\/07\/mark_cov_9783111453637-1-768x1085.jpeg 768w, https:\/\/hemueller.de\/wp-content\/uploads\/2025\/07\/mark_cov_9783111453637-1.jpeg 827w\" sizes=\"auto, (max-width: 725px) 100vw, 725px\" \/><\/figure>\n<\/div>\n\n\n<p class=\"has-drop-cap\"><strong>Chips,  Autos und Computer: Von der Pandemie lernen <\/strong><br>Tagesschau24-Interview mit Dorothee Holz <\/p>\n\n\n\n<figure class=\"wp-block-gallery has-nested-images columns-default is-cropped wp-block-gallery-1 is-layout-flex wp-block-gallery-is-layout-flex\">\n<figure class=\"wp-block-image size-large\"><img loading=\"lazy\" decoding=\"async\" width=\"1024\" height=\"838\" data-id=\"549\" src=\"https:\/\/hemueller.de\/wp-content\/uploads\/2022\/02\/IMG_0300-1024x838.jpeg\" alt=\"\" class=\"wp-image-549\" srcset=\"https:\/\/hemueller.de\/wp-content\/uploads\/2022\/02\/IMG_0300-1024x838.jpeg 1024w, https:\/\/hemueller.de\/wp-content\/uploads\/2022\/02\/IMG_0300-300x246.jpeg 300w, https:\/\/hemueller.de\/wp-content\/uploads\/2022\/02\/IMG_0300-768x629.jpeg 768w, https:\/\/hemueller.de\/wp-content\/uploads\/2022\/02\/IMG_0300-1536x1257.jpeg 1536w, https:\/\/hemueller.de\/wp-content\/uploads\/2022\/02\/IMG_0300.jpeg 1559w\" sizes=\"auto, (max-width: 1024px) 100vw, 1024px\" \/><\/figure>\n<\/figure>\n\n\n\n<p>Videos zu Thema &#8222;<a href=\"https:\/\/selmanclips.com\/2022\/02\/11\/warum-chips-so-schwer-zu-machen-sind\/\">Warum Chips so schwer zu machen sind<\/a>&#8220; in<a href=\"https:\/\/selmanclips.com\" target=\"_blank\" rel=\"noreferrer noopener\"> Selected Management Clips<\/a><\/p>\n\n\n\n<p class=\"has-drop-cap\">S<strong>trategie bei Ungewissheit<\/strong><br>In Marketing Review St. Gallen 4\/2021, S. 58-63: <\/p>\n\n\n\n<figure class=\"wp-block-gallery has-nested-images columns-default is-cropped wp-block-gallery-2 is-layout-flex wp-block-gallery-is-layout-flex\">\n<figure class=\"wp-block-image size-large\"><img loading=\"lazy\" decoding=\"async\" width=\"910\" height=\"1024\" data-id=\"556\" src=\"https:\/\/hemueller.de\/wp-content\/uploads\/2022\/02\/IMG_9901-2-910x1024.jpg\" alt=\"\" class=\"wp-image-556\" srcset=\"https:\/\/hemueller.de\/wp-content\/uploads\/2022\/02\/IMG_9901-2-910x1024.jpg 910w, https:\/\/hemueller.de\/wp-content\/uploads\/2022\/02\/IMG_9901-2-267x300.jpg 267w, https:\/\/hemueller.de\/wp-content\/uploads\/2022\/02\/IMG_9901-2-768x864.jpg 768w, https:\/\/hemueller.de\/wp-content\/uploads\/2022\/02\/IMG_9901-2-1365x1536.jpg 1365w, https:\/\/hemueller.de\/wp-content\/uploads\/2022\/02\/IMG_9901-2-1820x2048.jpg 1820w\" sizes=\"auto, (max-width: 910px) 100vw, 910px\" \/><\/figure>\n<\/figure>\n\n\n\n<p><\/p>\n\n\n\n<p class=\"has-drop-cap\">Videoclip<br><a rel=\"noreferrer noopener\" aria-label=\" (\u00f6ffnet in neuem Tab)\" href=\"https:\/\/www.youtube.com\/watch?v=M_wy1LyjPTQ\" target=\"_blank\">AGILES MANAGEMENT &#8211; IMMER MIT DER RUHE <\/a><\/p>\n\n\n\n<figure class=\"wp-block-embed is-type-video is-provider-youtube wp-block-embed-youtube wp-embed-aspect-16-9 wp-has-aspect-ratio\"><div class=\"wp-block-embed__wrapper\">\n<iframe loading=\"lazy\" title=\"Agiles Management - Immer mit der Ruhe; Prof. Hans-Erich M\u00fcller\" width=\"474\" height=\"267\" src=\"https:\/\/www.youtube.com\/embed\/M_wy1LyjPTQ?feature=oembed\" frameborder=\"0\" allow=\"accelerometer; autoplay; clipboard-write; encrypted-media; gyroscope; picture-in-picture; web-share\" referrerpolicy=\"strict-origin-when-cross-origin\" allowfullscreen><\/iframe>\n<\/div><figcaption class=\"wp-element-caption\">Videoclip zu Agil, Plattform, Startup &#8211; jenseits des Hypes<\/figcaption><\/figure>\n\n\n\n<figure class=\"wp-block-image\"><a href=\"https:\/\/www.mitbestimmung.de\/html\/agil-plattform-startup-jenseits-des-11105.html\" target=\"_blank\" rel=\"noreferrer noopener\"><img loading=\"lazy\" decoding=\"async\" width=\"1024\" height=\"458\" src=\"http:\/\/hemueller.com\/wp-content\/uploads\/2019\/07\/Bildschirmfoto-2019-07-31-um-17.06.42-1024x458.png\" alt=\"\" class=\"wp-image-142\" srcset=\"https:\/\/hemueller.de\/wp-content\/uploads\/2019\/07\/Bildschirmfoto-2019-07-31-um-17.06.42-1024x458.png 1024w, https:\/\/hemueller.de\/wp-content\/uploads\/2019\/07\/Bildschirmfoto-2019-07-31-um-17.06.42-300x134.png 300w, https:\/\/hemueller.de\/wp-content\/uploads\/2019\/07\/Bildschirmfoto-2019-07-31-um-17.06.42-768x343.png 768w, https:\/\/hemueller.de\/wp-content\/uploads\/2019\/07\/Bildschirmfoto-2019-07-31-um-17.06.42.png 1494w\" sizes=\"auto, (max-width: 1024px) 100vw, 1024px\" \/><\/a><figcaption class=\"wp-element-caption\"><a href=\"https:\/\/www.mitbestimmung.de\/html\/agil-plattform-startup-jenseits-des-11105.html\">Mehr&#8230;.<\/a><\/figcaption><\/figure>\n\n\n\n<hr class=\"wp-block-separator has-css-opacity\"\/>\n\n\n\n<figure class=\"wp-block-image\"><img loading=\"lazy\" decoding=\"async\" width=\"1024\" height=\"930\" src=\"http:\/\/hemueller.com\/wp-content\/uploads\/2019\/08\/Bildschirmfoto-2019-08-01-um-12.44.54-1024x930.png\" alt=\"\" class=\"wp-image-309\" srcset=\"https:\/\/hemueller.de\/wp-content\/uploads\/2019\/08\/Bildschirmfoto-2019-08-01-um-12.44.54-1024x930.png 1024w, https:\/\/hemueller.de\/wp-content\/uploads\/2019\/08\/Bildschirmfoto-2019-08-01-um-12.44.54-300x272.png 300w, https:\/\/hemueller.de\/wp-content\/uploads\/2019\/08\/Bildschirmfoto-2019-08-01-um-12.44.54-768x697.png 768w, https:\/\/hemueller.de\/wp-content\/uploads\/2019\/08\/Bildschirmfoto-2019-08-01-um-12.44.54.png 1388w\" sizes=\"auto, (max-width: 1024px) 100vw, 1024px\" \/><figcaption class=\"wp-element-caption\">Barbara Bocks: L<a href=\"https:\/\/www.regiomanager.de\/ruhrgebiet\/machen-ueberpruefen-neu-machen\" target=\"_blank\" rel=\"noreferrer noopener\" aria-label=\" (\u00f6ffnet in neuem Tab)\">ean Startup: Machen, \u00fcberpr\u00fcfen, neu machen. Interviewbeitrag mit Roland Eckert und Hans-Erich M\u00fcller in Regio Manager vom 18.02.2019.<\/a><\/figcaption><\/figure>\n\n\n\n<p><\/p>\n","protected":false},"excerpt":{"rendered":"<p>Unternehmensf\u00fchrung 2025: 5 Auflagen in 15 Jahren Chips, Autos und Computer: Von der Pandemie lernen Tagesschau24-Interview mit Dorothee Holz Videos zu Thema &#8222;Warum Chips so schwer zu machen sind&#8220; in Selected Management Clips Strategie bei UngewissheitIn Marketing Review St. Gallen 4\/2021, S. 58-63: VideoclipAGILES MANAGEMENT &#8211; IMMER MIT DER RUHE<\/p>\n","protected":false},"author":1,"featured_media":0,"parent":0,"menu_order":0,"comment_status":"closed","ping_status":"closed","template":"","meta":{"footnotes":""},"class_list":["post-35","page","type-page","status-publish","hentry"],"_links":{"self":[{"href":"https:\/\/hemueller.de\/index.php?rest_route=\/wp\/v2\/pages\/35","targetHints":{"allow":["GET"]}}],"collection":[{"href":"https:\/\/hemueller.de\/index.php?rest_route=\/wp\/v2\/pages"}],"about":[{"href":"https:\/\/hemueller.de\/index.php?rest_route=\/wp\/v2\/types\/page"}],"author":[{"embeddable":true,"href":"https:\/\/hemueller.de\/index.php?rest_route=\/wp\/v2\/users\/1"}],"replies":[{"embeddable":true,"href":"https:\/\/hemueller.de\/index.php?rest_route=%2Fwp%2Fv2%2Fcomments&post=35"}],"version-history":[{"count":36,"href":"https:\/\/hemueller.de\/index.php?rest_route=\/wp\/v2\/pages\/35\/revisions"}],"predecessor-version":[{"id":606,"href":"https:\/\/hemueller.de\/index.php?rest_route=\/wp\/v2\/pages\/35\/revisions\/606"}],"wp:attachment":[{"href":"https:\/\/hemueller.de\/index.php?rest_route=%2Fwp%2Fv2%2Fmedia&parent=35"}],"curies":[{"name":"wp","href":"https:\/\/api.w.org\/{rel}","templated":true}]}}